 -130 = -9*d - d. Let l(f) = -f**3 - 6*f**2 + 3. Let x(y) = d*l(y) - 6*w(y). Let p be (0/(-1))/1*-1. What is x(p)?
-3
Let q(d) be the second derivative of -d**4/12 - 9*d**2/2 - 444*d. What is q(0)?
-9
Let q(s) = -8*s + 18*s + 2*s**2 - 11*s - 1. Let k(w) = 4*w**3 + 13*w**2 + 3*w - 1. Let p be k(-3). Give q(p).
2
Let u be 13/104 - ((-85)/(-40) - 4). Let a = -1 + 5. Let v(d) = 3*d + a*d + 0 + 1. Calculate v(u).
15
Suppose 0*c - c + 18 = 3*r, -5*c - 3*r = -30. Let u(t) = -2 + t + 4*t - c*t - t**2. Suppose 18 = -w + 7*w. Calculate u(w).
-5
Let z(m) = 6 - m - 6 + 9 - m**2. Let g(u) = u**3 + 4*u**2 + 5*u + 4. Let r be g(-2). Suppose 0 = r*h - 11*h. Calculate z(h).
9
Let c be ((-4)/5)/((-1)/(-5)). Let p(w) be the second derivative of -9/2*w**2 + 15*w + 0 - 1/6*w**3. What is p(c)?
-5
Let r be 7/21 + (-64)/(-24). Let j(a) = -a**3 + 2*a**2 + 3*a - 6. Give j(r).
-6
Let h(d) = 27*d - 530. Let z be h(20). Let j(f) = 5*f. Determine j(z).
50
Let r(m) be the second derivative of 0*m**3 - 2*m + 1/6*m**4 + 0*m**2 + 0. Determine r(1).
2
Let m(b) = -6*b**2 + 9*b - 38. Let n(f) = 5*f**2 - 8*f + 29. Let j(k) = 3*m(k) + 4*n(k). Let x be 0 - 2/2*-3. Give j(x).
5
Let a(u) = -3*u**3 - u**2. Let i be a(-1). Suppose -z + 1 = -i. Let x(q) = -3*q**2 + 5*q + 13*q + 2*q**2 + 4 + 0 - 13*q. Calculate x(z).
10
Let q(u) = 5*u**2 + 9*u + 5. Let m(d) = d**2 + d + 1. Let x(t) = -6*m(t) + q(t). What is x(5)?
-11
Let c = -61 - -63. Suppose -4*j - x - 12 = -28, -4*x - 26 = -c*j. Let l(q) = -5*q + 7. What is l(j)?
-18
Let p(w) = 0*w + w**2 + 0 - 3 - w**3 + w - 6*w**2. Let l be p(-5). Let h be 2/l + 114/(-24). Let i(k) = 2*k + 7. Give i(h).
-3
Let m(k) = -5*k. Let l(c) = 24*c - 10. Let a(x) = l(x) + 5*m(x). Give a(-7).
-3
Let l = -333 - -340. Let f(o) = -3*o + 1. Give f(l).
-20
Let s(i) be the first derivative of i**4/4 + 10*i**3/3 + 4*i**2 - 5*i - 773. Give s(-9).
4
Suppose c = b - 34, 3*c + 3*b = -30 - 72. Let x be (8 - c/(-4)) + (-10)/4. Let f(r) = 5*r - r**2 - 4*r**2 - r**3 + 4*r**2 + 4. Determine f(x).
7
Let v(l) = -l**2 - 11*l - 2. Let o be v(-11). Let q(p) = -9*p - 8. Let d(b) = -26*b - 23. Let n(f) = 6*d(f) - 17*q(f). Give n(o).
4
Let l(g) = -5*g**2 + 7*g**2 - 96 + 111 + 12*g**2 + 15*g + g**3. Give l(-13).
-11
Let q = -950 + 946. Let r(s) = -s + 2. Calculate r(q).
6
Let w(r) = r**2. Let v(f) = 2*f + 32. Let x be v(-14). Determine w(x).
16
Let u(i) = 8*i + 7. Let g(o) = 3*o. Let c(h) = -6*g(h) + u(h). Give c(2).
-13
Let i(q) = q - 7. Let t(w) = 5*w - 29. Let p(n) = 9*i(n) - 2*t(n). Suppose -4*l + l = 3*d + 15, 2*d + 10 = -5*l. Give p(l).
-5
Let v(i) be the first derivative of -i**3/3 + 9*i**2/2 - 10*i - 7. Let h be v(7). Let p(x) = 7*x - 5*x + h*x - x. Give p(1).
5
Let o = 12 - -23. Let c(h) = 44*h - 4*h + 13 - 22 - o. Let n(m) = m - 1. Let r(v) = 2*c(v) - 88*n(v). Calculate r(-1).
8
Let s(l) be the third derivative of l**5/20 + 7*l**4/12 - l**3/6 + l**2 - 199*l. Determine s(-5).
4
Let d(g) = 15*g - 30. Let k be d(16). Suppose 3*r + 2 = 4*r. Let l be r/(-8) - k/(-40). Let m(t) = -t**2 + 7*t - 5. Calculate m(l).
5
Let m(s) = -3 - 45*s + 44*s - 1 - 3. Determine m(-3).
-4
Let l(s) = 7*s - 61. Let v be l(8). Let b(f) = -3*f - 16. Let z(p) = 2*p + 8. Let o(r) = v*z(r) - 3*b(r). Let d be (1 - (-2 - -3))*-1. Give o(d).
8
Suppose 3 = k - 0*k. Let f = 9 + -7. Let h(m) = m - 6*m + f + 3*m. What is h(k)?
-4
Let u(z) = 8*z + 54. Let j = 1499 + -1505. Calculate u(j).
6
Let g(u) = -2*u**2 - 3*u + 3. Suppose 5*i - 1 + 32 = 2*v, 0 = -5*v - 10. Let r = -79 + 74. Let c = r - i. Determine g(c).
-11
Let p be (-2)/(-3)*((3 - 0) + -6). Let j(u) = 2*u**2 + 3*u + 3. What is j(p)?
5
Let a(n) = n**2 - 5*n - 3. Let t = -3 - -5. Let i(k) = k**2 + 7*k - 20. Let m be i(-10). Suppose 0 = -t*l + 4*l - m. What is a(l)?
-3
Let w(y) = -2*y**2 + 7 + 11*y**2 - 6*y**2 - 5*y**2 - 3*y - 15*y. Calculate w(-10).
-13
Let i(g) be the first derivative of -8 - 7/2*g**2 + 0*g. Let x be (2/(-3))/(2/(-3)). What is i(x)?
-7
Let j(s) = s**3 + 4*s**2 + 2*s + 1. Suppose z - 84 = 5*i, -5*i - 2*z = -0*i + 72. Let d = -43 + 30. Let k = i - d. Give j(k).
4
Suppose 50 + 120 = 3*o - 2*a, 5*o - 282 = 2*a. Suppose -9*q = -q - o. Let x(f) = -f + 2. Give x(q).
-5
Let w(d) = -5*d**3 - 12*d**2 - 21*d - 11. Let u(g) = -4*g**3 - 12*g**2 - 19*g - 12. Let s(t) = 4*u(t) - 3*w(t). Give s(-11).
7
Let r(n) = 5*n - 3*n + n - 2. Let p = -329 + 326. Determine r(p).
-11
Let d(a) be the second derivative of -a**5/20 - a**3/6 + 39*a**2/2 + 95*a. Determine d(0).
39
Suppose -5*m - 100 = 5*p, 5*p - 2*p + 62 = -4*m. Let b = -33 - p. Let l be 8/5 + (-6)/b. Let f(k) = 2*k**2 + 2*k - 1. Determine f(l).
11
Let z(p) be the first derivative of -p**2/2 + 110. Calculate z(3).
-3
Let q(l) = l + 12 + 4*l - 4*l. Let s(f) = 2*f**2 + 10*f - 3. Let a be s(-8). Let m = a - 45. Determine q(m).
12
Let n(p) = -7*p + 2. Let i(y) = 20*y - 6. Let g(z) = -3*i(z) - 8*n(z). What is g(4)?
-14
Let h(v) = 4*v**3 + 3*v**3 - 6*v**2 + 5*v**2 - 4*v**3 - 1 - 2*v**3. Suppose -k = 2*a - 2, -5*k - 4*a = 2 - 0. Let p = 2 + k. Give h(p).
-1
Let b(g) = -g**2 + 9*g - 11. Let j be b(8). Let k be (15 + -12)/((-1)/j). Suppose -k*o = -12*o + 15. Let h(m) = -m**2 + 6*m + 4. Calculate h(o).
9
Let g(c) = -c**3 - c**2 - 1. Let f(i) = -4*i**3 - 10*i**2 - 9. Let u(q) = -f(q) + 6*g(q). Determine u(3).
-15
Suppose 0 = -5*p - y + 13, -y + 14 = p + 3*y. Let d(f) = f**3 + 8*f**2 - 7*f + 8*f**2 - 15*f**p + 3*f. What is d(-3)?
-6
Let w(p) = p + 3. Let l(m) = m + 3. Let y(g) = 2*g + 32. Let h be y(-14). Let s(d) = h*w(d) - 5*l(d). Suppose x - 5 = 2*j, -2*j - 11 + 3 = 0. Give s(x).
0
Suppose -4*o + 2*o + 5 = 3*k, 4*k + 4 = 0. Let i(a) = 2*a + 7. Let p(m) = 3*m + 0*m + 184 - 171. Let y(z) = 5*i(z) - 3*p(z). Give y(o).
0
Suppose -3*n - 148 = 2*d + n, 3*d = -3*n - 219. Let v be ((-2)/(-6))/((-6)/d). Let g(h) = -h**3 + 5*h**2 - 2*h - 3. Calculate g(v).
5
Let v(z) = z + 2. Let o be v(-2). Let n(r) = 36*r + 1 - 2 - 37*r + 0 + 6. Determine n(o).
5
Let h(c) = -4*c - 3 + 2*c + 7*c + c - 16*c. Give h(-3).
27
Let j(q) = q. Let x(i) = i**2 - i. Let k(p) = -j(p) - x(p). Suppose -10 = -4*a + 8*a + 5*u, 6 = -3*u. Let n be a + -4 + (0 - -2). Determine k(n).
-4
Let c(p) be the third derivative of -p**5/60 - 5*p**4/12 - p**3/3 + 116*p**2. Determine c(-7).
19
Let z(h) = -h**3 + 3*h**2 - 5*h + 8. Let x be (-1)/(-4) + 1125/60 + -16. Give z(x).
-7
Let g(t) = 17*t + 2. Let v(u) = 21*u + 2. Let n(b) = 5*g(b) - 4*v(b). Determine n(-1).
1
Let a(l) = -l**3 + 2*l. Suppose 2*i = -8 + 4. Let k be (-5)/((-15)/i) - (-16)/(-12). Give a(k).
4
Let i(f) = f**2. Let d = 11 + 3. Let m = 16 - d. Suppose o = 5*w - 9 - 5, 3*w + 2*o = -m. Give i(w).
4
Let z(o) = 0*o**3 + 2*o - 6*o + 30 - 29 - 6*o**2 - o**3. Give z(-5).
-4
Let l be ((-1)/3)/(-1*1/3). Let h(i) = i**2 - i - 5. Let p(b) = 1. Let x(y) = l*h(y) + 5*p(y). Calculate x(1).
0
Suppose -56*y = -57*y - 4*m - 15, 28 = -3*y + 5*m. Let c(w) be the third derivative of w**5/60 + 13*w**4/24 + 2*w**3 - w**2. What is c(y)?
-10
Suppose -o + 23 = -5*p, -9*p + 6*p = 12. Let g(j) be the second derivative of 3*j + 1/3*j**o + 0 - 1/12*j**4 - 1/2*j**2 + 1/20*j**5. What is g(2)?
7
Let n be 50/12 - (15/18)/5. Suppose 5*a = 3*k - 2, -n*k - 36 = a + 2*a. Let o(t) = -t - 11. Calculate o(k).
-5
Let y(a) be the first derivative of a**7/840 + a**6/72 - a**5/40 - 7*a**4/24 - a**3 + 30. Let u(m) be the third derivative of y(m). Give u(-5).
8
Suppose -1 = -n - 6. Let b be (-9 - -4 - n)/(2 + -1). Let v(z) = z**3 + z**2 + z + 4. Give v(b).
4
Let n(v) = -v**3 + v + 1. Let q(d) = -3*d**3 + 6*d**2 - 3*d + 8. Let f(x) = -2*n(x) + q(x). Suppose -15 = -w - 7. Suppose -7*l + w*l = 5. Calculate f(l).
6
Let v(g) = -7*g - 4. Suppose -175 = -5*j - 45. Suppose 0 = -24*p + j*p - 8. Let m(n) = -6*n - 4. Let s(z) = p*v(z) - 5*m(z). Determine s(-6).
-8
Let b(j) = 237*j**2 + 16 - 464*j**2 - 5*j + 226*j**2. What is b(-7)?
2
Let w be ((-14)/(-4))/1*(3 + -1). Suppose 11*l + w + 15 = 0. Let k(c) = -6*c - 2. What is k(l)?
10
Let q = 99 - 93. Let r(v) = -43*v + 6. Let t(d) = 21*d - 3. Let j(g) = q*r(g) + 13*t(g). Calculate j(2).
27
Let d(t) = -2*t**2 - 11*t + 3*t**2 + 7 - 1. Let q(u) = -30*u - 110. Let i be q(-4). Let c be d(i). Let g(m) = m**3 + 5*m**2 + 4*m - 1. Give g(c).
-1
Suppose 0 = -9*f - 16*f + 50. Let p(n) = 3*n**3 - 4*n**2 + 4*n - 2. Give p